housands digit of 693235?
3
What is the hundreds digit of 269103?
1
What is the millions digit of 2627618?
2
What is the millions digit of 5099156?
5
What is the thousands digit of 4062629?
2
What is the units digit of 473926?
6
What is the ten thousands digit of 448294?
4
What is the tens digit of 40958?
5
What is the hundreds digit of 259999?
9
What is the thousands digit of 983612?
3
What is the hundred thousands digit of 410501?
4
What is the ten thousands digit of 3765367?
6
What is the thousands digit of 978029?
8
What is the hundreds digit of 3670653?
6
What is the units digit of 316897?
7
What is the hundred thousands digit of 4100848?
1
What is the ten thousands digit of 1122600?
2
What is the hundred thousands digit of 20690309?
6
What is the hundred thousands digit of 662104?
6
What is the tens digit of 10461992?
9
What is the hundred thousands digit of 2380318?
3
What is the ten thousands digit of 1167750?
6
What is the tens digit of 179086?
8
What is the hundred thousands digit of 168146?
1
What is the units digit of 150916?
6
What is the thousands digit of 221893?
1
What is the tens digit of 181771?
7
What is the hundreds digit of 766717?
7
What is the ten thousands digit of 184214?
8
What is the thousands digit of 432227?
2
What is the ten thousands digit of 3535354?
3
What is the units digit of 7324037?
7
What is the thousands digit of 446755?
6
What is the units digit of 2020406?
6
What is the hundred thousands digit of 399360?
3
What is the tens digit of 448145?
4
What is the thousands digit of 125759?
5
What is the thousands digit of 158540?
8
What is the millions digit of 3351822?
3
What is the hundred thousands digit of 230103?
2
What is the hundred thousands digit of 26838104?
8
What is the hundred thousands digit of 18339524?
3
What is the ten thousands digit of 601211?
0
What is the ten millions digit of 27851953?
2
What is the tens digit of 689622?
2
What is the tens digit of 1096587?
8
What is the hundreds digit of 4168029?
0
What is the ten thousands digit of 139313?
3
What is the millions digit of 9071424?
9
What is the ten millions digit of 33095895?
3
What is the units digit of 222599?
9
What is the hundreds digit of 1618736?
7
What is the hundred thousands digit of 3802777?
8
What is the hundred thousands digit of 16731426?
7
What is the units digit of 245970?
0
What is the thousands digit of 360819?
0
What is the tens digit of 172446?
4
What is the hundreds digit of 968026?
0
What is the hundreds digit of 4425229?
2
What is the thousands digit of 7772141?
2
What is the hundred thousands digit of 137051?
1
What is the units digit of 1676032?
2
What is the thousands digit of 21049?
1
What is the hundred thousands digit of 445152?
4
What is the hundred thousands digit of 15364360?
3
What is the tens digit of 6518072?
7
What is the hundred thousands digit of 195269?
1
What is the millions digit of 17179305?
7
What is the thousands digit of 2099242?
9
What is the ten thousands digit of 472087?
7
What is the hundreds digit of 11706596?
5
What is the ten thousands digit of 1145242?
4
What is the tens digit of 4922789?
8
What is the ten thousands digit of 881019?
8
What is the hundred thousands digit of 11139277?
1
What is the ten thousands digit of 2015895?
1
What is the tens digit of 844358?
5
What is the thousands digit of 162434?
2
What is the tens digit of 199840?
4
What is the units digit of 1894775?
5
What is the thousands digit of 2130345?
0
What is the tens digit of 194710?
1
What is the tens digit of 193933?
3
What is the ten thousands digit of 201489?
0
What is the units digit of 2945070?
0
What is the hundreds digit of 645743?
7
What is the hundred thousands digit of 194490?
1
What is the hundreds digit of 15632477?
4
What is the hundreds digit of 18222?
2
What is the hundreds digit of 31670?
6
What is the thousands digit of 192305?
2
What is the units digit of 1389828?
8
What is the thousands digit of 29098001?
8
What is the thousands digit of 1228349?
8
What is the ten thousands digit of 778929?
7
What is the tens digit of 1578859?
5
What is the hundred thousands digit of 110086?
1
What is the tens digit of 1577009?
0
What is the ten thousands digit of 90429?
9
What is the tens digit of 6202070?
7
What is the hundreds digit of 539792?
7
What is the thousands digit of 1009957?
9
What is the units digit of 86925?
5
What is the hundred thousands digit of 112515?
1
What is the hundreds digit of 1069725?
7
What is the hundreds digit of 605054?
0
What is the hundred thousands digit of 865496?
8
What is the hundreds digit of 760931?
9
What is the hundreds digit of 2240053?
0
What is the thousands digit of 256513?
6
What is the tens digit of 231558?
5
What is the tens digit of 8089304?
0
What is the units digit of 81751?
1
What is the thousands digit of 674951?
4
What is the hundred thousands digit of 15277721?
2
What is the tens digit of 202131?
3
What is the units digit of 13655058?
8
What is the tens digit of 497335?
3
What is the hundred thousands digit of 671364?
6
What is the units digit of 1159714?
4
What is the millions digit of 1994908?
1
What is the hundred thousands digit of 739496?
7
What is the hundreds digit of 1621417?
4
What is the thousands digit of 108086?
8
What is the units digit of 1560?
0
What is the tens digit of 326942?
4
What is the hundreds digit of 610515?
5
What is the hundred thousands digit of 215920?
2
What is the thousands digit of 57448?
7
What is the millions digit of 22398836?
2
What is the thousands digit of 108532?
8
What is the tens digit of 5167502?
0
What is the ten thousands digit of 10823623?
2
What is the tens digit of 3005089?
8
What is the millions digit of 2222778?
2
What is the millions digit of 1608081?
1
What is the tens digit of 251148?
4
What is the units digit of 950033?
3
What is the millions digit of 3764873?
3
What is the millions digit of 2391158?
2
What is the ten thousands digit of 587906?
8
What is the hundred thousands digit of 1226159?
2
What is the ten thousands digit of 564596?
6
What is the thousands digit of 1134376?
4
What is the hundred thousands digit of 515067?
5
What is the units digit of 1534753?
3
What is the thousands digit of 1823875?
3
What is the hundreds digit of 333454?
4
What is the thousands digit of 1582327?
2
What is the units digit of 200583?
3
What is the hundred thousands digit of 1156240?
1
What is the units digit of 602519?
9
What is the hundred thousands digit of 2951492?
9
What is the ten thousands digit of 2417150?
1
What is the thousands digit of 334157?
4
What is the tens digit of 4072220?
2
What is the hundred thousands digit of 10066170?
0
What is the ten thousands digit of 4072593?
7
What is the thousands digit of 1146343?
6
What is the ten thousands digit of 356034?
5
What is the hundreds digit of 1356354?
3
What is the units digit of 2092144?
4
What is the ten thousands digit of 360635?
6
What is the hundreds digit of 22349531?
5
What is the thousands digit of 6540166?
0
What is the tens digit of 192824?
2
What is the ten thousands digit of 238978?
3
What is the tens digit of 21181426?
2
What is the thousands digit of 2712783?
2
What is the tens digit of 68415?
1
What is the hundred thousands digit of 6452434?
4
What is the tens digit of 46230?
3
What is the ten thousands digit of 78913?
7
What is the units digit of 14035?
5
What is the hundreds digit of 21854642?
6
What is the millions digit of 2350858?
2
What is the hundreds digit of 224351?
3
What is the hundred thousands digit of 8083442?
0
What is the millions digit of 1438391?
1
What is the thousands digit of 11273459?
3
What is the tens digit of 138196?
9
What is the hundred thousands digit of 2206196?
2
What is the hundred thousands digit of 4245331?
2
What is the units digit of 1130773?
3
What is the ten thousands digit of 172049?
7
What is the tens digit of 259173?
7
What is the hundred thousands digit of 11711444?
7
What is the hundreds digit of 358027?
0
What is the ten thousands digit of 20302797?
0
What is the hundreds digit of 4822511?
5
What is the ten millions digit of 10681470?
1
What is the ten thousands digit of 2490419?
9
What is the millions digit of 3529398?
3
What is the tens digit of 32435364?
6
What is the ten thousands digit of 6885067?
